).
-4
Let m(n) = 4 + 5 - 9 + n - 1. Determine m(1).
0
Let s(b) be the second derivative of b**5/20 + 7*b**4/12 + 7*b**3/6 + 3*b**2/2 + 3*b. What is s(-6)?
-3
Let t(d) = -d**3 - d. Let o(r) = -2*r**2 + r. Let j(f) = -o(f) - 2*t(f). What is j(-2)?
-10
Let k(d) = -6*d**3 + 11*d**2 - 10*d - 9. Let t = 18 - 23. Let x(u) = -5*u**3 + 10*u**2 - 9*u - 8. Let w(n) = t*x(n) + 4*k(n). Calculate w(5).
4
Let o(l) = -2*l**2 + 2*l**3 - 16*l + 2 - 4*l**3 + 18*l + l**3. Suppose -2*w + 2 = -3*w. Determine o(w).
-2
Let g be 2 + (-10 - 3) - 3. Let y = 21 + g. Suppose -4*s + y + 5 = 0. Let l(t) = -2*t**2 + 4*t + 1. Determine l(s).
-5
Let m(y) = y**3 + y**2 - y + 8. Let u = 52 - 52. Give m(u).
8
Let c(d) = 0 - d - 6*d - d**3 + 2 + 5*d. Give c(2).
-10
Let y(j) = -2*j + 9. Let l(q) be the second derivative of -q**5/20 - 7*q**4/12 + 3*q**2 - q. Let v be l(-7). Determine y(v).
-3
Let s(a) = -a. Suppose -2*q + q + 2 = 0. Let b(d) = -d**2 + 8*d - 7. Let j be b(7). Suppose j = q*n - 6*n + 16. Give s(n).
-4
Let k(n) = -3*n**2 + 5*n - 6. Let y(t) = -9*t**2 + 14*t - 17. Let r(x) = 17*k(x) - 6*y(x). Calculate r(1).
4
Let g(s) = 2*s + 4*s + s**2 - 4 - 2*s. Calculate g(-5).
1
Let k(l) = l**3. Let a(v) = -3*v**3 + 5*v**2 - 4. Let r(p) = a(p) + 4*k(p). Give r(-4).
12
Let h(f) = 13*f**3 - f**2 - 7 - 40*f**3 + 10 + 6 - 4*f. Let k(q) = 7*q**3 + q - 2. Let g(j) = 2*h(j) + 9*k(j). What is g(1)?
8
Let u = 20 - 12. Let h(n) = -2*n + 7. Give h(u).
-9
Suppose 0 = -i - i - 3*b + 15, 2*i = 5*b - 9. Let f(g) = -3*g + 6. Determine f(i).
-3
Let i(s) = -s**2 - 5*s + 7. Let t(c) = c. Let l(b) = 6*b + 7. Let k(w) = l(w) - 5*t(w). Let z be k(-12). What is i(z)?
7
Let u(r) be the third derivative of -r**6/120 - r**3 - r**2. Let v(n) = -8*n + n - 6 + n**2 + 12 + 0*n. Let s be v(6). Give u(s).
-6
Suppose 2*k + 4*d + 14 = 0, -k - 5*d - 8 - 5 = 0. Let y(r) be the second derivative of -r**3/3 - r. Calculate y(k).
6
Let m(r) = -7*r**2 + 2*r - 1. Let k(u) = 3*u - 6. Let s be k(3). Suppose -s*i + 5*z = 22, -i - z + 11 = z. What is m(i)?
-6
Let r(k) = 6*k**2. Suppose 5*d - 4 = 3*g + 3, -2*g - 8 = -5*d. Let u = -2 - 0. Let j = g + u. Determine r(j).
6
Let t(a) = 13*a + 1. Let h be 24/(-36) + (-1)/3. Give t(h).
-12
Let r(h) = -11*h - 5*h + 20*h - 8*h + 1. Let i be 1/(-2)*(2 + 18). Let u be 8/i*10/(-4). What is r(u)?
-7
Suppose -12 = 3*k - k. Let j(i) = -i - 7. What is j(k)?
-1
Let l(p) = -p - 13. Let x be 3/4*4*-3. Give l(x).
-4
Let l(x) be the second derivative of -x**3/6 - 5*x**2 + 4*x. Determine l(-6).
-4
Suppose 2*q - 3*q = -2. Let z(w) be the first derivative of -3*w**2/2 + 4. Calculate z(q).
-6
Let j(q) = -3*q**3 - 3*q**2 - 2*q - 1. Let s = -41 - -39. Give j(s).
15
Let k(z) = z**2 - z - 4. Let f = 5 - 8. What is k(f)?
8
Let o(u) = -u**2 + 5 - 7*u + 2*u**2 - 4 + 5. Let n(a) = -a - 4. Let w be n(-9). What is o(w)?
-4
Let h(k) = k**2 + 4*k + 3. Let w be h(-3). Suppose w = -4*i + 3*i + 2. Let a(n) = n**3 - 2*n + n - i*n + 2*n**2. Determine a(-3).
0
Let m(d) = -2 + 2*d**3 - d - 3*d**3 + 2*d**2 - 3*d**2. Let n = 1 - -2. Suppose -h - 4*y + 12 = -3*h, -n*h - 6 = -2*y. Calculate m(h).
-2
Let i be (-1)/2 + 5/2. Let u(a) = 0*a**3 + a**3 - a - 2 + 0*a**3 - i*a**2. Determine u(2).
-4
Let w = -5 - -8. Let c(r) = 1 + r**2 - 2*r - 3*r - 4*r + 2*r. Calculate c(w).
-11
Let o(p) = 4 + 3*p - 19*p**2 + 18*p**2 + 0*p. Suppose -5*j + 7 = -8. What is o(j)?
4
Let l(y) = 2*y + 6. Suppose 1 = 2*j - 9. What is l(j)?
16
Let g(y) = y**2 - 12*y + 6. Let h be g(12). Let q(n) = n - 5*n + n - h. Calculate q(-6).
12
Let h be (-3)/(-9) + (-28)/(-6). Let s(k) = -k**2 + 7*k - 4. Determine s(h).
6
Suppose 5 = -2*g - 5. Let b(v) be the second derivative of v**5/60 + v**4/8 - v**3 + v**2 - v. Let f(c) be the first derivative of b(c). Give f(g).
4
Let h(o) = 2*o - 1. Suppose 5 = 2*g - 1. Let u(z) = -z + 4. Let t be u(g). Suppose 4*v + 5 - t = 0. What is h(v)?
-3
Let f(v) be the first derivative of v**3/3 + 7*v**2/2 + 5*v - 2. Suppose 2*z + 3*z = -25. Determine f(z).
-5
Let w(m) = m**3 + 2*m**2 - 2*m + 3. Let i be (-1)/(2*-1 - -1). Suppose -i - 3 = -x. Let v = x + -7. Give w(v).
0
Let a(q) = -2*q**2 - 9*q - 4. Let u(g) = -3*g**2 - 10*g - 4. Let i(h) = -4*a(h) + 3*u(h). Calculate i(4).
12
Let p(f) = 14*f**3 + 11*f**2 - 8*f + 23. Let t(o) = 5*o**3 + 4*o**2 - 3*o + 8. Let s(v) = -6*p(v) + 17*t(v). Let g = 25 + -28. What is s(g)?
-2
Let q be -2 + 3 - (2 - 6). Let b(c) = -c**3 + 0*c**2 + 4*c**2 - 3*c**2 + q. Calculate b(0).
5
Let w be (-3 - -1)/((-1)/6). Suppose 2*r + w = -r. Let d(l) = -l**2 - 5*l - 6. Calculate d(r).
-2
Let j = 3 + -3. Suppose j*u + 10 = -5*u. Let w(l) = 2*l**2 - l + 1. Calculate w(u).
11
Let c(l) = -l + 1. Let n(z) = 3*z - 5. Let y(b) = -2*c(b) - n(b). Let d be (45/20)/((-6)/(-16)). Let r be 1/3 - d/18. Calculate y(r).
3
Let g(x) = -x**2 - 2*x + 3. Let h be g(-4). Let l(u) be the second derivative of u**5/20 + 5*u**4/12 + u**3/3 + 5*u**2/2 + 33*u - 1. What is l(h)?
-5
Let n(s) = -s**2 + 10*s - 7. Suppose -4*d = -4, 0*x = -5*x + 4*d + 41. Give n(x).
2
Suppose -4*o = 3*q - 16, o - 4 = -q - 0*o. Let j(z) = 6 - z + 6 + q - 6. Determine j(5).
1
Let m(n) = n + 10. Suppose 0 = -2*c - 2*c + 20. Suppose -14 = -c*j + 11. Let x be (-1 - 0)/(1/j). Calculate m(x).
5
Let y(t) = 2*t - 2. Let f(x) = x**3 - 2*x**2 + x + 2. Let m be f(2). Suppose 3 - 11 = m*i. Give y(i).
-6
Let n(k) = -14*k**2 + 5*k - 11*k**2 + 3 + 26*k**2. Determine n(-3).
-3
Let d be -2 - (0 + 3)/(-3). Let x(o) = 1 - 1 + 7*o. Determine x(d).
-7
Let o = 113 + -113. Let m(l) be the second derivative of -1/20*l**5 - 3*l + o + 5/2*l**2 + 1/3*l**4 + 5/6*l**3. Calculate m(5).
5
Let b(n) be the second derivative of n**4/12 - 5*n**3/6 - 14*n - 2. Let x = 11 + -5. Give b(x).
6
Let l(w) = 4*w**2 + w. Let y(g) be the first derivative of g**3/3 + g**2 + g + 5. Let x be y(-2). Calculate l(x).
5
Let n(m) = -m**2 - m - 10. Suppose 2*b - 30 - 1 = -c, -50 = -5*b + 3*c. Suppose 2*o = 2*w + 8, -5*w + 4*o - 3 - b = 0. Determine n(w).
-10
Let v(t) be the third derivative of t**5/60 - 5*t**4/12 + t**3/2 - 6*t**2. Calculate v(10).
3
Let n(d) = -5*d. Suppose 4*m = 5 + 11. Suppose 2 - m = c. Determine n(c).
10
Let o(z) = 2*z**3 + 3*z**2 + z + 2. Let x be o(-2). Let c be 3/x + 2/(-8). Let p = c + -2. Let t(v) = -v**3 - 2*v**2 + v + 3. Give t(p).
9
Let z = 1 + 0. Suppose 3*d = -3*i + 12, 2*i - 3*d = -d - 4. Let g(q) = 2*q - z + 1 - i + 2*q**2. Determine g(1).
3
Let f(l) be the second derivative of l**5/20 + l**4/4 + l**3/3 - 13*l. Determine f(-2).
0
Let v = -72 - -73. Let m(z) be the second derivative of -2*z**3/3 + z**2/2 - 2*z. Calculate m(v).
-3
Let z(c) = c - 2. Let f(i) = i**2 + 7*i - 2. Let o be f(-8). Let q be (0 + -2 + 1)/1. Let n be -6 + o + 6 + q. What is z(n)?
3
Let t(v) = -2*v**3 - 5*v**2 + 5*v - 1. Let k(r) = -4*r**3 - 9*r**2 + 9*r - 2. Let j(i) = 3*k(i) - 5*t(i). What is j(1)?
-3
Let w(u) = u**2 - 18*u + 45. Let p be w(15). Let c be 14/(-4) - 2/4. Let y(k) = -k**2 - 8. Let b(a) = a**2 + 7. Let s(o) = c*b(o) - 5*y(o). Give s(p).
12
Let c(y) be the first derivative of y**3/3 - y**2 - 2*y - 1. Suppose -1 + 13 = 3*a. Suppose m = -a*m - 10. Give c(m).
6
Suppose -2 - 7 = -o + 5*l, -4*o - 5*l = -11. Let i(b) = -o + 0*b + 2 + b. Suppose -2*u - 20 = -5*h - 6*u, -h - 4*u = -20. Determine i(h).
-2
Let c(u) = 2*u + 2. Suppose 4*p - p - 60 = 0. Suppose -n + p = -5*v, -v - 3*v - 20 = 0. Let f be n*((-24)/15)/(-4). Give c(f).
-2
Let x(u) = -6*u + 2 + 0 + 6*u + u + u**3 - 5*u**2. Calculate x(3).
-13
Let g(o) = -1. Let m(c) = 2*c - 3. Let w(a) = 2*g(a) - m(a). What is w(-7)?
15
Let h(y) = y**2 - 5*y - 5. Let n(x) = -x + 16. Let l be n(10). Calculate h(l).
1
Let d be (1 - 0 - -2) + 1. Suppose -15 = g - 6*g + n, d*g = n + 12. Let r be g/(3/(-4)*-1). Let w(j) = j**2 - 3*j + 1. Determine w(r).
5
Let p(w) = 3*w - 1. Let h be p(1). Suppose 0 = -h*y - 2 + 4. Let u(k) = k + 2*k**2 + 0*k + 4*k**2. Give u(y).
7
Let l be (-11 + 2)*3/(-9). Suppose -5*a + 21 = -2*i, 0 = -5*a + i - l*i + 9. Suppose y = -a*y - 20. Let r(m) = -m**3 - 4*m**2 + 7*m + 5. Determine r(y).
-5
Let g(o) = o**2 + 4*o - 1. Let k be (2/4)/(8/(-96)). What is g(k)?
11
Let p = 68 - 109. Let v = p + 65. Let x be 100/v - 2/12. Let z(r) = r**2 - 7*r + 6. Give z(x).
-6
Let t(r) be the first derivative of r**2/2 - 4*r + 1. Let f be ((-4)/8)/((-1)/4). Suppo